ded by (1 - (-1 + b))*17.
15
Let q = 67 - 3. Let p = -44 + q. Suppose 0 = 5*c - 20 - p. Calculate the remainder when 14 is divided by c.
6
Suppose -y - 5*s = 8, y - 18 = 2*s + 2. Let f be 3*2*10/y. Suppose 0 = f*b - 2*t + 7*t - 20, -3*t = 5*b - 30. Calculate the remainder when 16 is divided by b.
7
Let m(p) = -p**3 - 20*p**2 - 20*p - 6. Suppose 5*k = 164 + 21. Calculate the remainder when k is divided by m(-19).
11
Let q = 22 - 18. Calculate the remainder when 29 is divided by q.
1
Let x(s) = -s**2 + 14*s + 5. What is the remainder when -2*(111/(-6) + 1) is divided by x(13)?
17
Let z = -67 + 116. What is the remainder when z is divided by 17?
15
Suppose j + 0*j - 4*n - 65 = 0, -j - 4*n = -33. Suppose 4*t = 2*t - o + 19, 0 = t - o - 11. Calculate the remainder when j is divided by t.
9
Suppose -3*f = 2*m - 1035, 7*m = 3*m. Suppose 0*l - 349 = -5*y - 3*l, 5*l = -5*y + f. Calculate the remainder when y is divided by 24.
23
What is the remainder when 119 is divided by (3 - 4)/((-1)/30)?
29
Let l(c) = -c**2 + c + 5. Let g be 10/(-45) + (-2)/(-9). What is the remainder when 8 is divided by l(g)?
3
Let t = -248 - -271. Suppose -3*x - 2*h + 193 = 0, -3*x + 3*h = -7*x + 256. Calculate the remainder when x is divided by t.
21
Let j = 10 + 0. Suppose 4*r + 0*r = 5*l - j, 3*r - 8 = -4*l. Suppose -l*n = 2*n - 56. Calculate the remainder when 41 is divided by n.
13
Let d = -8 + 10. Let c = d - 0. Let o = 12 - c. What is the remainder when 28 is divided by o?
8
Let w = 2 + -2. Let v = w + 5. Suppose -v*u = -37 - 118. What is the remainder when u is divided by 11?
9
Let g = -1000 - -1053. Let w = -9 + 13. Suppose -5*p + 136 = -o, p - w*o - 58 = -p. Calculate the remainder when g is divided by p.
26
Let n = -121 + 135. Calculate the remainder when 139 is divided by n.
13
Let d be -2 + (3 - -23) + -3. Suppose 21 + d = -2*o. Let h = o - -42. What is the remainder when 40 is divided by h?
19
Let t = -21 + 34. What is the remainder when 109/3 + (-7)/21 is divided by t?
10
Let a = 83 + -28. Suppose 4*z - 38 = 2*z. Calculate the remainder when a is divided by z.
17
Let h = 2 - 1. Calculate the remainder when 3 is divided by ((3 - 2)*h)/1.
0
Suppose -3*p - 18 - 27 = 0. Suppose 2*h - 25 - 45 = 0. Calculate the remainder when h is divided by ((-40)/p)/((-2)/(-9)).
11
Let i = -23 - -39. Suppose p - i = -0*p. What is the remainder when p is divided by 9?
7
Let z(c) = 3*c - 3. Let w(n) = -2*n + 1. Let m(p) = 5*w(p) + 3*z(p). Calculate the remainder when m(-9) is divided by 2.
1
Let n = 30 - 17. Let h(k) = 3*k**3 - 2*k**2 - 4*k. What is the remainder when h(3) is divided by n?
12
Let b be (-4)/(-3) + (-86)/(-3). Let l = b - 20. What is the remainder when 17 is divided by l?
7
Suppose v + 36 = 5*v. Let y = 20 - v. Calculate the remainder when y is divided by 7.
4
What is the remainder when 81 is divided by ((-3)/2)/(6/(-112))?
25
Let s(y) = -2*y - y**2 + 2 + 2 + 5*y. Let m be s(4). Suppose m = -j - 0*j + 24. Calculate the remainder when j is divided by 13.
11
Let b be 24 + (-2)/(-1) + 0. Suppose 0*u - u = b. What is the remainder when 20 is divided by (-2)/(-4) - u/4?
6
Let v(f) = f**3 - 6*f**2 - 6*f - 5. What is the remainder when (6/(-5))/((-18)/60) is divided by v(7)?
0
Let q(c) = 4*c + 4. Let g be q(-8). What is the remainder when 32 is divided by 4/14 - 300/g?
10
Let a = -2 - -29. What is the remainder when 104 is divided by a?
23
Suppose 0*g = -g + 20. What is the remainder when g is divided by 11?
9
Let k(v) = -2*v + 3. Let w(j) = 12*j + 4. Calculate the remainder when w(4) is divided by k(-12).
25
Suppose -32 + 276 = 4*p. Suppose p = 5*c - 9. Calculate the remainder when 40 is divided by c.
12
Suppose 11 = 5*h - 19. Let f = -1 + h. Calculate the remainder when f is divided by 4.
1
Suppose 4*z + t + 1 = 5, -4*t + 16 = -z. Suppose z = r - 2, -4*s + 0*s = 2*r - 20. Suppose s*g - 30 = 2*g. What is the remainder when 43 is divided by g?
13
Suppose 6 = -0*n + 3*n. What is the remainder when 27 is divided by (7*(n - 0))/1?
13
Let t(d) = 4*d**2 + d + 1. Suppose 4 = -a + 3*i - i, -5*a - 5 = -5*i. Calculate the remainder when t(a) is divided by 7.
5
Let u = -2 - -4. What is the remainder when -4*(-15)/u + -2 is divided by 10?
8
Let h = -42 - -87. What is the remainder when h is divided by 8?
5
Suppose -4*w + 10 = 2. Let m = w - 0. Suppose 5*t = m*t + 66. Calculate the remainder when 42 is divided by t.
20
Let t(v) = -v - 18. Let u be t(-8). Calculate the remainder when 47 is divided by 8*5/(u/(-4)).
15
Suppose -3*f = 6, -4*k + 8 + 0 = 4*f. Suppose 4*m + 4*h = -0*h + 240, 4*m = -2*h + 242. Suppose k*d + 13 = m. What is the remainder when d is divided by 7?
5
Suppose j = -4*g + 40, 0 = 2*g - 0*g + j - 22. Suppose -5*r - 80 = -g*r. Calculate the remainder when 39 is divided by r.
19
Suppose 4*r + 2*s - 38 = 0, -4*r - 4*s = -0*r - 36. What is the remainder when 28 is divided by r?
8
Let i(h) = h**3 + h**2 - h + 8. Suppose -3*r + 86 - 20 = 0. What is the remainder when r is divided by i(0)?
6
Suppose -4*g - 9 = 3*r - 48, 3*g = 4*r - 52. What is the remainder when 36 is divided by r?
10
Let m = -77 + 85. Calculate the remainder when 31 is divided by m.
7
Suppose -3*u - 27 = -6*u + 4*i, 0 = 5*u - 5*i - 45. Suppose 0 = -3*x - 5*l + 4, 4*x + 2*l + 7 - 17 = 0. What is the remainder when u is divided by x?
0
Suppose -2*p + 11 = -7. Suppose -13*y + 8 = -p*y. Calculate the remainder when 4 is divided by y.
0
Let a(z) = -1. Let j(p) = p + 1. Let i(b) = 2*a(b) - j(b). Suppose -3*c + 4*c = -3*v + 19, -2*c + 23 = 3*v. What is the remainder when v is divided by i(-6)?
2
Suppose -4*d = 2*h - 170, -3*d + 2*d + 347 = 4*h. Calculate the remainder when h is divided by 22.
21
Calculate the remainder when 17 is divided by (156/26)/(6/8).
1
Suppose 0 = 4*a + 2*t - 94, -a + 7 = -2*t - 3*t. What is the remainder when 64 is divided by a?
20
Suppose -m = -5*m + 108. Let r be 3/(-4)*(-90)/9*-2. Let b = r + m. What is the remainder when 22 is divided by b?
10
Let a = 6 - 4. Suppose 2*v = -a*v + 12. Let d(i) = -3*i + 2. What is the remainder when d(-2) is divided by v?
2
Suppose -2*s - 2 = -w - 4, -w - 2*s + 2 = 0. Let p = w + 4. What is the remainder when 20 is divided by (14/4)/(2/p)?
6
Let t(q) = q**2 + 7*q + 5. What is the remainder when 9 is divided by t(-7)?
4
Let r = -4 + -48. Let o = -15 + 33. Calculate the remainder when 23 is divided by (-12)/o + r/(-6).
7
Let t be (-6)/33 - 27/33. Let r = -12 + 7. What is the remainder when 47 is divided by (64/20)/(t/r)?
15
Let m = -2 - -3. Suppose -4*r = -3*j - 5, 4*r - 8 = 4*j - 0*j. Let d = m - j. Calculate the remainder when 11 is divided by d.
3
Suppose z - 6*z - 3*r = 0, 4*z + 37 = 5*r. Calculate the remainder when (-297)/z*4/12 is divided by 9.
6
Let g = -30 + 55. Suppose -l = 2*q + q - 1, 2*q + 21 = l. Calculate the remainder when g is divided by l.
12
Suppose 0 = 3*o + 2*a + 20, 3*a = -4*o - 31 + 4. Let g(i) = i**3 + 8*i**2 + 3*i. What is the remainder when g(o) is divided by 14?
12
Suppose 0 = -5*p - 2*c + 86, -7*p = -3*p + 5*c - 79. What is the remainder when p is divided by 10?
6
Suppose 105 = -m + 4*m. Calculate the remainder when m is divided by (-2)/(-3) - 25/(-3).
8
Let p = 8 - 8. Let u(q) = -q**2 + 14. Calculate the remainder when 54 is divided by u(p).
12
Let y(o) = o**2 + 9*o + 1. Let h be y(-6). Let f = h - -39. Calculate the remainder when f is divided by 12.
10
What is the remainder when (-544)/(-4) + 5 + 0 is divided by 24?
21
Suppose 4*j - 61 - 27 = 0. What is the remainder when 87 is divided by j?
21
Let h = 14 + 4. What is the remainder when 51 is divided by h?
15
Suppose 0 = -3*o + 5*f + 34, -16 = 3*f - 1. Suppose 2*w - o = -w. Calculate the remainder when 0*1*-1 - -2 is divided by w.
0
Let l(z) = 2*z**3 - z**2 + z + 3. Suppose 4*x = 3*x + 13. What is the remainder when l(3) is divided by x?
12
Suppose d - 31 = -9. What is the remainder when 64 is divided by d?
20
Suppose -5*l + r - 193 = 0, -5*l - 128 = -2*r + 68. Let v = 35 - l. Let d = 6 + 13. Calculate the remainder when v is divided by d.
16
Let z = 43 - 21. What is the remainder when z is divided by 12?
10
Let b(z) = -z**3 + z**2 + z - 1. Let o be b(-2). Calculate the remainder when 16 is divided by -4 - 3*(-42)/o.
6
Let s be ((-16)/(-10))/(1/(-5)). Let t be 1/2 - 26/4. Calcu